t common factor of i and 1?
1
Let k(q) = 2*q + 1. Let f be k(-3). Let y = -3 - f. Let r(z) = -2*z - 11. Let d be r(-6). Calculate the highest common divisor of d and y.
1
Suppose 0 = -12*c + 13*c - 9. Calculate the greatest common divisor of c and 3.
3
Suppose -4*b + 2*b = 8, 2*b = 5*i - 23. Let u(o) = o**2 + 2. Let q be u(i). What is the greatest common divisor of 11 and q?
11
Let q = -3 + 6. Let g be (-1 + 2)*(q + -2). Suppose -2*u + g = -21. Calculate the greatest common factor of 11 and u.
11
Let u be 16/(-3)*(1 + -10). What is the greatest common factor of 12 and u?
12
Let o be 5/1*(2 - 1). Suppose f + o*q + 0 = 44, -4*f - q + 157 = 0. Calculate the highest common divisor of f and 13.
13
Suppose z - 4 = -3*z. Suppose 0*d + d - 3*i = z, 4*d + i - 17 = 0. Calculate the highest common divisor of d and 32.
4
Let a = -3 - -4. Suppose 14 = -4*u - 2*m, -5*m + 3 - 2 = -2*u. Let t = -1 - u. Calculate the greatest common divisor of t and a.
1
Let t = 3 + 1. Suppose t*l - 20 = 2*l. What is the greatest common factor of 110 and l?
10
Let z(o) = -2*o + 4. Let x be z(-9). Let y = 105 - 153. Let k = -15 - y. What is the highest common divisor of x and k?
11
Let g be (-2 - -1) + 1888/8. Suppose 35 + g = 5*j. Calculate the highest common factor of j and 135.
27
Let z = -16 + 18. Suppose 2*a + 5 - 41 = -2*f, 0 = -z*a + f + 36. What is the greatest common divisor of 2 and a?
2
Let y = 14 - 6. Let x = -5 + y. What is the highest common divisor of x and 3?
3
Suppose 5 = 5*h - 5. Calculate the greatest common divisor of 18 and h.
2
Let x = -64 + 78. Suppose 0 = -3*k + 1 + 35. Let m = 26 - k. What is the greatest common factor of x and m?
14
Let m = 0 - -1. Let w be -1 + 8 + 1/m. Let k = w - -1. What is the greatest common divisor of k and 36?
9
Let d = -13 - -28. What is the highest common factor of d and 135?
15
Suppose -3*x = 4*m - 464, -x = -4*x - 5*m + 463. Calculate the greatest common divisor of x and 12.
12
Let n be 1 + (-262)/(-8) + 1/4. Calculate the highest common divisor of 51 and n.
17
Let j be (-2)/8 - 63/(-12). Let t be -6 + 2 - (0 - 4). Let k = t - -1. What is the greatest common divisor of k and j?
1
Suppose -b + 33 = -3*k, 3*b = 2*k - 55 + 147. What is the greatest common factor of 24 and b?
6
Suppose 3*z + 57 = 6*z. Let d = z + -17. Calculate the greatest common factor of 4 and d.
2
Let p = -1 - -2. Let d(x) = x**2 - 4*x + 8. Let k be d(2). What is the highest common divisor of k and p?
1
Let c(l) = -l**2 - 7 + 3 + 0*l - 7*l. Let u be c(-5). What is the highest common divisor of 15 and u?
3
Suppose 0 = -0*v + v - 26. Let r = 87 - 48. What is the highest common factor of r and v?
13
Let l be 237/27 - 4/(-18). Let v be (2 + (-624)/15)/(8/(-20)). What is the greatest common factor of v and l?
9
Let n be (-3)/(-4)*-4 + (26 - 1). Calculate the highest common divisor of 33 and n.
11
Let o(d) = d + 1. Let w be o(2). Suppose -w*i + 50 = -13. Calculate the greatest common factor of i and 14.
7
Suppose -3*p + 4*m = -10, -2*p + 7*p - 4*m - 30 = 0. Let u be 1 - (-4)/(4/69). What is the greatest common divisor of p and u?
10
Suppose -4*b + 10 = -9*b. Let z be (8/12)/(b/6). Let w be 1/z - 231/(-6). What is the greatest common factor of w and 95?
19
Let p(b) = -b**3 - 2*b**2 - b. Let v be p(-2). Let r be 1*(16 + (2 - v)). What is the highest common divisor of 8 and r?
8
Suppose 291 = 5*o + 4*m, -2*o + 6*o - 4*m - 204 = 0. What is the greatest common divisor of 11 and o?
11
Let o = 6 + -1. Suppose 0 = o*k - 103 + 8. Calculate the greatest common factor of k and 19.
19
Let z = -7 + 17. What is the greatest common factor of z and 110?
10
Suppose 4*n - 2688 = -12*n. Let w(z) = 9*z - 3. Let i be w(3). What is the highest common divisor of n and i?
24
Suppose 4*n - 12 - 4 = 0. Let k = -1 - -17. Let o = n + k. What is the greatest common divisor of 10 and o?
10
Suppose -h + 45 - 8 = 0. What is the greatest common divisor of 74 and h?
37
Suppose 0 = -3*i + u + 15 + 27, -3*i + 51 = 2*u. Suppose 0 = 11*o - 9*o + 5*j - 305, -4*o = -j - 665. What is the greatest common factor of o and i?
15
Suppose -4*w + 696 = -756. Calculate the highest common divisor of w and 33.
33
Let p = 189 + -96. Let o = -37 + p. What is the highest common factor of 14 and o?
14
Let b(h) = 3. Let i(g) = -2*g - 2. Let a(u) = -3*b(u) - 3*i(u). Let d be a(6). Suppose 0 = -5*x + 27 + d. Calculate the greatest common divisor of 108 and x.
12
Suppose -4*k + 214 = -2*l, -4*l - 16 - 4 = 0. Suppose 42 = 3*u - 60. Calculate the greatest common divisor of k and u.
17
Let h = -21 + 37. Suppose -a - 1 = -h. Calculate the highest common factor of 10 and a.
5
Let l(u) = u**3 + 9*u**2 - 5*u + 1. Let q be l(-9). Suppose 2*m - q = -4*v - 0*m, -3*v + m + 42 = 0. Calculate the greatest common divisor of v and 65.
13
Let o(k) = -2*k**3 - 2*k**2 - 2*k - 6. Let p be o(-2). What is the greatest common divisor of 78 and p?
6
Suppose -2*t - 4*t = -72. What is the highest common divisor of t and 6?
6
Suppose 3*c + 5 = -o - 17, 0 = -3*c + 4*o - 32. Let b = c + 15. What is the highest common divisor of 35 and b?
7
Let n(x) = x**2 + 8*x + 4. Let b be n(-8). Suppose 26 = -2*f + b*f. Let c be (32/2)/2 + 5. What is the highest common factor of c and f?
13
Let c(o) = 3*o**3 - 3*o**2. Let p be c(3). What is the highest common divisor of 6 and p?
6
Let x = 7 + -4. Suppose 4*s - 39 = s + 4*v, 3*s + x*v = 18. Calculate the highest common divisor of 27 and s.
9
Let x = 5 + -3. Let d(n) = 15*n**2 + 3*n + 1. Let z be d(-1). Let j = z - x. Calculate the greatest common divisor of j and 77.
11
Let b be (3 - 1)*12 + 3. Let n(z) = -z + 4 + 2*z - 6. Let r be n(5). Calculate the highest common factor of b and r.
3
Let w = -11 - -12. Suppose 5*t + v = 14, w = t - 4*v - 6. What is the highest common divisor of 6 and t?
3
Let h(a) = 2*a**2 + a - 1. Let z be h(1). Let f = -28 + 46. What is the greatest common divisor of f and z?
2
Let u(x) = x + 10. Suppose 2*z - 6 = 10. Let j be u(z). What is the highest common factor of j and 45?
9
Suppose 0 = -2*f + 6*f - 144. Calculate the greatest common factor of 12 and f.
12
Let c = -6 - -6. Suppose -d + 0*d + 51 = c. What is the greatest common factor of 34 and d?
17
Let r = 9 - -39. Suppose 0 = 5*k - k - r. Let m be 964/10 + 4/(-10). Calculate the greatest common factor of k and m.
12
Let c(b) = b**3 + b**2 + b + 17. Let n be c(0). Suppose -10 - n = -3*q. Let o = 266 - 167. Calculate the greatest common divisor of o and q.
9
Let c = 14 - 14. Suppose 0 = -c*z + 4*z - 60. What is the greatest common factor of z and 15?
15
Let n be 1/(-2)*-10*1560/75. Calculate the greatest common factor of 13 and n.
13
Let c(q) = 2*q + 18. Let y be c(-5). Let l = 5 - 3. What is the greatest common divisor of l and y?
2
Let a(q) = q**2 + q + 1. Let y be a(-3). Suppose 0 = z - y - 6. Calculate the highest common factor of 13 and z.
13
Suppose -2*a + 14 = -0*a. Let d be 6/(a/(70/3)). Calculate the highest common factor of d and 8.
4
Let d be 21124/24 - (-2)/(-12). Let t be (1 + 2)/(12/d). Calculate the highest common divisor of 20 and t.
20
Suppose -7*v + 34 = 2*j - 3*v, 4 = v. What is the greatest common divisor of 90 and j?
9
Let q be 248/18 + (-6)/(-27). What is the highest common factor of q and 56?
14
Suppose -4*j + 20 = j. Suppose -7*c = -11*c + 36. Let n = c + j. What is the greatest common divisor of 65 and n?
13
Suppose -19 - 2 = -3*l. Calculate the highest common divisor of 49 and l.
7
Let x be (-2 + 4)/(-2) + 57. Calculate the greatest common factor of 8 and x.
8
Let y(m) = m + 9. Let d be y(-6). Suppose d*g - 11 = 25. Suppose -6*n + 32 = -40. Calculate the highest common factor of n and g.
12
Let k(p) = -p**2 - p + 4. Let d be k(0). Let w = d - -6. What is the greatest common divisor of w and 15?
5
Let n = -38 - -118. Calculate the greatest common factor of 20 and n.
20
Let j(z) = -z**3 + 6*z**2 - 8*z + 7. Let g be j(5). Let v(f) = -f**2 - 7*f + 6. Let b be v(g). Let u = b - -3. Calculate the greatest common factor of u and 1.
1
Suppose 3*o + 4*z = -0*z + 108, 0 = -4*z + 12. Calculate the highest common factor of 128 and o.
32
Suppose -v = -0*v - 36. What is the greatest common factor of 12 and v?
12
Let l be 1 + (12 - (1 + 0)). Let p(g) = -2*g**2 - 18*g + 2. Let f be p(-7). Calculate the greatest common fa